+ 1928 = 7*d. Suppose 0 = -4*f + 2*k + 58, 0 = f + 2*k - 6*k - 32. Calculate the highest common divisor of f and z.
12
Let w be -4 - 5/((-70)/41188). What is the greatest common factor of w and 678?
226
Let d(r) = r**3 - 9*r**2 - 17*r - 8. Let u(j) = -95 + 35 + 4*j + 5*j + 3*j. Let g be u(6). Let w be d(g). Calculate the greatest common divisor of w and 44.
44
Let r(i) = -41*i**3 - 3*i**2 - 2*i + 2. Let n be r(-2). Suppose 2*c - 700 = -5*x, 198 - 632 = -3*x - 4*c. Calculate the greatest common factor of n and x.
46
Let i be 206/4 - 1 - 15/(-30). Let d = -47 + i. Let o be 6/4 - 185/(-10). What is the greatest common divisor of o and d?
4
Suppose -8661 = -6*v - 3423. What is the greatest common divisor of 776 and v?
97
Let n(x) = 78*x - 1784. Let w be n(36). Calculate the highest common divisor of 208 and w.
16
Let k be 176/5 - 7/(15 + 20). Suppose -3*x + 566 = 2*s, 40*x - 10 = k*x. What is the greatest common divisor of s and 70?
70
Let w = 2226 - 2210. Calculate the greatest common factor of w and 3088.
16
Let g = 25 - 22. Suppose 2*d - 16 = 4*p, -g*p = 2*d + p + 8. Let a be 13*(7 - 4 - d). Calculate the greatest common factor of 143 and a.
13
Let l = -3159 + 3166. What is the greatest common factor of l and 371?
7
Let u be (6/(-9))/(4/(-222)). Let q be 12408/308 - (0 - 4/(-14)). Let b = q - u. Calculate the greatest common factor of 30 and b.
3
Suppose 510*c - 502*c = 56. Suppose -5*x + 804 = -p, x = -p - 3*p + 165. What is the highest common factor of c and x?
7
Suppose 1172 = 4*v + 3*d, 0 = 5*v - 2*d - 475 - 1013. What is the greatest common divisor of 16 and v?
8
Let o be (-499 + 19)*-4*15/40. Calculate the greatest common factor of o and 192.
48
Suppose 4 = -7*n + 5*n. Let v(l) = 22*l**2 - 2*l. Let f be v(n). Let s = 28 + -5. Calculate the greatest common factor of s and f.
23
Suppose 4*r = q + 201, -2*r - q = -4*q - 103. Suppose d = -4*b + 261, -b = -d - r - 9. Calculate the highest common factor of 448 and b.
64
Let c(t) = 13*t + 21. Let g be c(-2). Let n be -3 - -7 - 105/g. Calculate the greatest common factor of 125 and n.
25
Let y(o) = 60*o - 1740. Let l be y(30). Calculate the highest common factor of l and 156.
12
Let k(w) = -290*w + 5*w**2 + 290*w. Let p(d) = d + 2. Let q be p(-3). Let n be k(q). Calculate the highest common divisor of n and 10.
5
Let t = -14832 - -15712. Calculate the greatest common divisor of 572 and t.
44
Let g = 43 + -33. Let l(w) = 36*w + 10. Let z be l(g). Let c = -226 + z. What is the greatest common factor of c and 16?
16
Let h = -275 + 117. Let n be 0 + 4 - (h - 0). Suppose -42 + n = 4*p. What is the highest common divisor of p and 20?
10
Let w(y) = 13*y**3 + 4*y**2 + 4. Let o be w(3). Calculate the highest common factor of o and 115.
23
Suppose 3*u + 43 = -2*o, 5*u + 8 - 27 = 2*o. Let c = o - -26. Let t(h) = h**3 - 9*h**2 + h - 5. Let b be t(c). Calculate the highest common divisor of b and 4.
4
Let t(u) = u + 7. Let p be t(30). Suppose -p*d + 53*d = 288. Calculate the greatest common divisor of d and 30.
6
Let f(a) = 10*a + 19. Let x(k) = 8*k + 20. Let w(q) = -4*f(q) + 6*x(q). Let o be w(13). What is the greatest common factor of o and 185?
37
Let x(t) = -t**3 - 2*t**2 - t - 2. Let r be x(-3). Let g = -9329 - -9439. Calculate the greatest common divisor of g and r.
10
Suppose -4*i + 1150 = 10*i + 9*i. Calculate the greatest common factor of i and 7830.
10
Let t = -907 + 1067. What is the highest common factor of 55 and t?
5
Suppose -11*a + 20 - 86 = 0. Let y be (-4)/(-12) - (-2 - (-28)/a). Let f = 29 - 15. Calculate the highest common divisor of y and f.
7
Let r(z) = 1308*z + 15. Let p be r(-1). Let d be (-3 - p)*36/24. Calculate the highest common divisor of d and 45.
45
Let f be -7 - (3661/(-49) - (-6)/(-21)). What is the greatest common factor of f and 119?
17
Suppose 0 = 1413*y - 1391*y - 1012. What is the greatest common factor of 12052 and y?
46
Let n = -692 + 766. Calculate the highest common factor of n and 962.
74
Let i = 3 + -2. Let x(n) = -n**2 + 2*n. Let o be x(i). Suppose -3*w = -3*p + 5*p + 30, 2*w = -5*p - 9. Calculate the highest common factor of o and p.
1
Let w = -19920 + 21779. What is the highest common divisor of w and 52?
13
Suppose -21*t = -23*t, -5*x = -3*t - 15. Suppose 3*a = r - 1, 5*r - 2 = -3*a + 3. Suppose x*q + a*q = 27. What is the highest common divisor of q and 6?
3
Let h = 99 + -42. Let i = 60 - h. Let y(x) = -x**2 + 9*x - 9. Let f be y(i). Calculate the greatest common factor of f and 99.
9
Suppose 0 = 11*s - 25 - 437. Suppose 4*f - 4*w - 89 = 19, 2*w - s = -f. Calculate the greatest common factor of 32 and f.
32
Let c(t) = 6*t + 25*t + 10 + 6*t. Suppose -10 = 3*n + 4*g, n - 3*g = 93 - 79. Let r be c(n). Calculate the greatest common factor of 12 and r.
12
Suppose 8*r = 4*r + 4. Let f be (r - -5)/(376/186 - 2). Suppose -40 = -p - 5*b + 35, 5*p + b = f. What is the greatest common factor of p and 22?
11
Let z(o) = 183*o**3 + 4*o**2 - o - 12. Let q be z(4). What is the highest common factor of q and 140?
140
Suppose -525 = 4595*a - 4602*a. Calculate the highest common divisor of a and 18.
3
Suppose 11309 = 48*m - 16291. What is the highest common divisor of 437 and m?
23
Suppose -6*w + 2 = -148. Let p = 250 + -233. Suppose 3*o - 40 = 5*j, 5*j = -5*o + 63 + p. What is the highest common factor of o and w?
5
Let n = -40 + 64. Suppose -690 = -n*y + y. What is the highest common factor of y and 330?
30
Suppose -3*j = 11*j - 56. Suppose 32 = -2*m - j. Let y = 52 + m. Calculate the greatest common divisor of y and 2.
2
Let q = 176 + -141. Let m be (2/(-7))/(q/(-14455)). Calculate the greatest common factor of m and 177.
59
Suppose 5*h + 2*r = 202, 3*h + 0*r - 5*r - 146 = 0. Let s be (-2)/(-9) - (-102)/27. Suppose 587 = s*u - 253. Calculate the greatest common factor of h and u.
42
Let w(f) = 2*f**3 - 13*f**2 + 111*f - 4. Let j be w(9). What is the highest common factor of 168 and j?
56
Let u be -9*6/9 - -153. Suppose 4*f = 3*z + 346, -f - 4*z - 51 + u = 0. Calculate the highest common factor of 242 and f.
22
Let j(m) = -12*m - 24. Let u be j(-14). Suppose 5*i - 436 = u. Suppose -i = 7*y - 592. Calculate the greatest common divisor of y and 17.
17
Let x(q) = -q + 6. Let v be x(6). Let b be (-2 - 258/5)/(1/5). Let c be 3 + v + (1 - b). Calculate the highest common divisor of 34 and c.
34
Let t be 11/((-264)/(-55608)) - ((-1 - 0) + 6). Calculate the greatest common divisor of 16 and t.
8
Let u(f) = 2*f**2 + 134*f - 246. Let v be u(2). Suppose 0 = -4*n + 8*n - 960. Suppose -n = c - 2*c. Calculate the greatest common factor of c and v.
30
Let a = -9567 - -11999. What is the highest common divisor of a and 1064?
152
Let t(m) = -4*m - 64. Let a be t(-16). Suppose a = 3*b + 15, -17*h + 15*h - b = -319. What is the greatest common divisor of h and 54?
54
Let n(y) = 45*y + 364. Let z be n(-8). Suppose z*q - 876 = -4*m, m + 0*m = -3*q + 649. Calculate the greatest common factor of q and 10.
5
Let w(u) = -u**3 - 12*u**2 - 61*u - 18. Let j be w(-6). Calculate the highest common factor of 2332 and j.
44
Suppose 5*n + 6 = 5*c + 81, -n + 18 = -2*c. Suppose -3*p - 2129*y = -2134*y - 11, p - 4*y = -8. What is the highest common divisor of p and n?
12
Let a = -44 - -78. Suppose 19*y = -a + 205. Suppose 0 = -0*w + w - 153. Calculate the highest common factor of y and w.
9
Let j = -5 - -26. Suppose 0 = 3*s + 5*t - 16, -2*t + 2 = -t. Suppose s*i = x + 123, 5*x + 111 = -0*i + 2*i. What is the highest common divisor of j and i?
21
Let b be 7*5*(-10)/175. Let k be (-80)/(-35) + b/7. Calculate the greatest common divisor of k and 26.
2
Suppose 18 = 9*t - 0. Let b be (-57)/t*(-52)/78. Let j(a) = 2*a + 3. Let g be j(b). What is the highest common divisor of 205 and g?
41
Let f be (-2)/((-6)/(86 - -4)). Let l be (-4)/(24/f)*-2. Let c be (-74)/(-3) - 2/(-6). What is the greatest common factor of l and c?
5
Let d(t) = -2*t**3 - 11*t**2 + 21*t + 9. Let w be d(5). Let l = 474 + w. Let q = 17 - 8. Calculate the greatest common divisor of l and q.
9
Let q be 265 + 2/(-1 - 1). Let d be -1*8*(-444)/48. Let p = -41 + d. Calculate the highest common factor of q and p.
33
Let p = 1261 + -1227. What is the greatest common divisor of p and 1105?
17
Suppose -2*v - 2 = 0, 3*v = -4*z + 2*v + 1255. Let o = -29 - z. 